- -2223003?
2223001
In base 12, what is 5 + 122530?
122535
In base 10, what is 330027 + 2?
330029
In base 6, what is -1002403 + -4?
-1002411
In base 8, what is 3 - -257705?
257710
In base 10, what is 86 + 38601?
38687
In base 12, what is 51952 - -1b?
51971
In base 6, what is -34022 - 11?
-34033
In base 16, what is -18811 - -3?
-1880e
In base 15, what is 39e0 - -1?
39e1
In base 4, what is -3232 + 211200?
201302
In base 15, what is 4 - -17a05?
17a09
In base 9, what is 2805 - -75?
2881
In base 15, what is -8 + 421a?
4212
In base 5, what is 10 - -243343442?
243344002
In base 14, what is 21401 - -5?
21406
In base 13, what is -4a - -9c0?
973
In base 16, what is -6d1e + 4?
-6d1a
In base 2, what is -1100100 + 1101111?
1011
In base 16, what is 4 - 7a230?
-7a22c
In base 14, what is -9 - -2688?
267d
In base 2, what is 10 + 10011110001101?
10011110001111
In base 8, what is 2 - 204745?
-204743
In base 8, what is -14727 + -37?
-14766
In base 7, what is -1526 + -6?
-1535
In base 3, what is 2102102102021 + 12?
2102102102110
In base 15, what is -482d8 + 3?
-482d5
In base 2, what is -100001110010 - -1001?
-100001101001
In base 13, what is -32 + 274?
242
In base 11, what is 2 + -17040?
-17039
In base 2, what is 101011100010 - -11?
101011100101
In base 6, what is 4 + 1234203?
1234211
In base 16, what is 1 + 2bac9?
2baca
In base 16, what is 5adb + -10?
5acb
In base 2, what is 1101000110 - -11000101?
10000001011
In base 2, what is 10000110010001 - 1000?
10000110001001
In base 13, what is 2495 + -6?
248c
In base 15, what is -6 + ca6c?
ca66
In base 6, what is -141 - -5310?
5125
In base 2, what is -1010100011 - -10010?
-1010010001
In base 3, what is 10200110002002 - -10?
10200110002012
In base 5, what is -12 - -3003?
2441
In base 14, what is -4 - 69c9?
-69cd
In base 10, what is 81 + 613?
694
In base 3, what is 1200012 + 0?
1200012
In base 7, what is 246 - 346?
-100
In base 13, what is 4 + -7327a?
-73276
In base 4, what is 31002021202 + -3?
31002021133
In base 15, what is -86eeb + 3?
-86ee8
In base 9, what is -3680833 + -5?
-3680838
In base 15, what is -1233 - -31?
-1202
In base 8, what is -3 + -1236477?
-1236502
In base 2, what is 0 + 101010001000001?
101010001000001
In base 4, what is 31130101 + 1?
31130102
In base 6, what is 552513 + -2?
552511
In base 13, what is 777b + -a?
7771
In base 16, what is 4 - e33bf?
-e33bb
In base 15, what is -5a6a7 + 1?
-5a6a6
In base 7, what is 1301426 + 5?
1301434
In base 8, what is -1 + 61612?
61611
In base 7, what is 44524 - 365?
44126
In base 6, what is 1 - -3032240?
3032241
In base 5, what is 42 - 142400?
-142303
In base 4, what is 213233103 + 2?
213233111
In base 16, what is -30 + -55c7?
-55f7
In base 11, what is -62 - -123?
71
In base 10, what is -221 - -2069?
1848
In base 8, what is -1 + -1114344?
-1114345
In base 5, what is 104414 - -133?
110102
In base 4, what is 11 - -102110?
102121
In base 15, what is -1 - -540a2?
540a1
In base 7, what is -1123 - 10501?
-11624
In base 12, what is 34a - 2?
348
In base 7, what is 22 - -6253?
6305
In base 5, what is 102 - 332213?
-332111
In base 14, what is -181 - 132?
-2b3
In base 8, what is 10123 + -77?
10024
In base 14, what is -3 - 131c9?
-131cc
In base 6, what is 0 - 303425?
-303425
In base 4, what is 322 - -300023?
301011
In base 11, what is 1 + 9315a?
93160
In base 9, what is 3541 - -8?
3550
In base 11, what is -835 - -1752?
a18
In base 13, what is 303 + c8a?
1290
In base 9, what is 106 - -413?
520
In base 5, what is -333 + -3030?
-3413
In base 10, what is -1025 + -82?
-1107
In base 12, what is 1a561 - -14?
1a575
In base 3, what is 1 + -20211012?
-20211011
In base 5, what is -10201024 - 4?
-10201033
In base 5, what is -3 - -42431?
42423
In base 15, what is -25b - 40c?
-668
In base 14, what is c - 48acd?
-48ac1
In base 15, what is 1 - -46465?
46466
In base 6, what is -134332 + -33?
-134405
In base 4, what is 1011113 - 11311?
333202
In base 14, what is -5 - 35748?
-3574d
In base 5, what is -21001 - -434?
-20012
In base 12, what is -4a76 + -102?
-4b78
In base 11, what is -987 + -10?
-997
In base 8, what is 47265 + -11?
47254
In base 3, what is -22210 + -112?
-100022
In base 10, what is -35441 + 12?
-35429
In base 4, what is -123323 - -1220?
-122103
In base 15, what is -1 - -71c16?
71c15
In base 2, what is 0 + -1010011110110101?
-1010011110110101
In base 9, what is 5 - 25055?
-25050
In base 5, what is -13113220 - -3?
-13113212
In base 7, what is -1635 - 3301?
-5236
In base 7, what is 16226 + -13?
16213
In base 8, what is 430 + -300?
130
In base 2, what is 11101011010011011 + 1?
11101011010011100
In base 4, what is 131132 + -333?
130133
In base 4, what is -1002313301 + 13?
-1002313222
In base 5, what is -312 + 10333?
10021
In base 5, what is 1213304 + -2?
1213302
In base 10, what is -13603 - -144?
-13459
In base 16, what is 16 - -228?
23e
In base 6, what is 2130 + -1003?
1123
In base 15, what is 36d + 37?
3a5
In base 6, what is 3 + -20120?
-20113
In base 10, what is -55 - -1403?
1348
In base 13, what is 13686a - 2?
136868
In base 13, what is 492b + 41?
496c
In base 4, what is 1 - 222122112?
-222122111
In base 13, what is 60c + -17?
5c5
In base 15, what is 35492 + 7?
35499
In base 9, what is -468312 - 8?
-468321
In base 8, what is -2 + 5304?
5302
In base 9, what is -12 - 5723?
-5735
In base 5, what is -42011334 - -3?
-42011331
In base 10, what is 52070 - -23?
52093
In base 6, what is 10344110 - 5?
10344101
In base 13, what is 913a - -114?
9251
In base 16, what is 25a + -2bb?
-61
In base 3, what is -101121 + -120111?
-222002
In base 10, what is -5 + 22928?
22923
In base 9, what is -54020 + 3?
-54016
In base 7, what is 213 - 512?
-266
In base 9, what is -1 - -47675?
47674
In base 3, what is -201 - 200120?
-201021
In base 16, what is -3180c1 - -4?
-3180bd
In base 5, what is -144031 - 123?
-144204
In base 4, what is 121 + 123012?
123133
In base 2, what is 100111111011111100 - 10?
100111111011111010
In base 10, what is -1765564 + -5?
-1765569
In base 5, what is 1203322 - -11?
1203333
In base 15, what is 12a93 + -3?
12a90
In base 16, what is a88 + -137?
951
In base 4, what is 111 + -213222?
-213111
In base 9, what is 0 + 11778?
11778
In base 13, what is -661 + 620?
-41
In base 2, what is -11010 + -1000011010101110?
-1000011011001000
In base 12, what is 2 + 72526?
72528
In base 3, what is -1211 - 111012210?
-111021121
In base 14, what is -513 - -168?
-389
In base 13, what is 572c - -5c?
578b
In base 15, what is cdb2 + 2?
cdb4
In base 10, what is -4 + -7301?
-7305
In base 12, what is -17 - 88a?
-8a5
In base 14, what is 17003 - 3?
17000
In base 2, what is 1000001 + 1001011111111?
1001101000000
In base 6, what is -2354153 + 3?
-2354150
In base 7, what is -3 + 10405?
10402
In base 5, what is -124 + -2140?
-2314
In base 2, what is 1000000 - -1000011111100010?
1000100000100010
In base 7, what is -5303161 + -2?
-5303163
In base 12, what is -10 + 7467a?
7466a
In base 16, what is -3 - -10702?
106ff
In base 16, what is 1 - -ebe?
ebf
In base 11, what is 0 - -7567?
7567
In base 8, what is -461 - 4375?
-5056
In base 3, what is 10 - -1100002011?
1100002021
In base 13, what is 2 + -174612?
-174610
In base 16, what is 49 - -167?
1b0
In base 9, what is -267 - -11586?
11318
In base 2, what is 10010000 - 1000?
10001000
In base 13, what is 299 - -116?
3b2
In base 4, what is 31313031 - 3?
31313022
In base 9, what is -826 - -57?
-758
In base 12, what is 3 - 6ab47?
-6ab44
In base 4, what is -11 + -1101022221?
-1101022232
In base 8, what is -127 + -1747?
-2076
In base 6, what is 33 + 50350?
50423
In base 16, what is 67ceb + 0?
67ceb
In base 11, what is 0 - -22535?
22535
In base 9, what is -118321 - 32?
-118353
In base 3, what is -12121 - 221120120?
-221210011
In base 2, what is -1 + 10111111110?
10111111101
In base 2, what is 110111100010 + -10111100?
110100100110
In base 4, what is 10 + -231020032?
-231020022
In base 14, what is 12b - 6?
125
In base 3, what is 12210122122 + 10?
12210122202
In base 15, what is -34d31 + 6?
-34d2a
In base 15, what is -c + 86d?
861
In base 4, what is 31232 - -10?
31302
In base 13, what is cb + -18?
b3
In base 4, what is -2222 - 101300?
-110122
In base 6, what is 21440430 - -2?
21440432
In base 15, what is 5 + 7c026?
7c02b
In base 14, what is -2 + -75dd5?
-75dd7
In base 10, what is -19116 